greatest common divisor of 172 and 80812.
4
Calculate the greatest common divisor of 1128 and 698091.
141
Calculate the greatest common factor of 1230893 and 193673.
293
Calculate the highest common divisor of 983250 and 9063.
171
What is the highest common divisor of 5258 and 1722094?
22
Calculate the greatest common factor of 46 and 1992398.
46
What is the greatest common divisor of 19006 and 10799880?
1118
What is the greatest common divisor of 101337 and 6324?
51
What is the greatest common factor of 126 and 27467658?
18
What is the highest common factor of 908 and 78983288?
908
Calculate the greatest common divisor of 2616 and 12298632.
24
What is the highest common factor of 47755843 and 43?
43
Calculate the highest common divisor of 128441460 and 30.
30
Calculate the highest common factor of 7728 and 13951.
7
What is the highest common divisor of 70495667 and 1012?
253
What is the highest common divisor of 29698 and 1779958?
62
Calculate the highest common divisor of 4880 and 4915136.
976
Calculate the greatest common divisor of 2073204 and 126.
126
Calculate the greatest common divisor of 116918 and 51841.
1103
What is the greatest common factor of 354 and 43579524?
354
What is the highest common factor of 308 and 40149480?
28
What is the highest common divisor of 936 and 79045239?
39
Calculate the highest common divisor of 31419399 and 209.
11
Calculate the greatest common divisor of 68 and 1037.
17
Calculate the highest common divisor of 183048268 and 61100.
2444
What is the greatest common divisor of 2807542 and 336958?
662
What is the greatest common factor of 7204650 and 13330?
430
What is the greatest common factor of 1143180 and 1860?
60
Calculate the highest common divisor of 45 and 63183045.
15
What is the greatest common divisor of 140777765 and 85?
85
What is the greatest common factor of 371336 and 1033738?
698
Calculate the greatest common factor of 25886 and 273910.
602
Calculate the highest common divisor of 35765 and 1931621.
311
What is the greatest common divisor of 39259254 and 2?
2
What is the greatest common factor of 480735 and 67?
1
What is the highest common factor of 13 and 31014763?
13
Calculate the highest common divisor of 1256 and 2142099208.
1256
What is the greatest common factor of 12550 and 3398038?
502
Calculate the greatest common factor of 8172 and 4187696.
908
Calculate the highest common factor of 20 and 8929595.
5
What is the greatest common factor of 3053 and 276616?
71
What is the greatest common factor of 186 and 56918852?
62
Calculate the highest common factor of 55568 and 151.
151
What is the greatest common factor of 374920400 and 20?
20
Calculate the highest common divisor of 2811 and 13604303.
937
What is the greatest common divisor of 22151216 and 8?
8
What is the highest common divisor of 384 and 14161248?
96
What is the highest common factor of 33900 and 91740?
60
Calculate the greatest common divisor of 297 and 101314972.
11
Calculate the highest common divisor of 381 and 1248678732.
381
Calculate the highest common divisor of 1177922 and 44486.
58
What is the highest common factor of 11117415 and 165?
15
Calculate the highest common divisor of 2203968 and 288704.
832
Calculate the greatest common divisor of 11716 and 1902661.
29
Calculate the greatest common factor of 69201760 and 480.
160
What is the greatest common factor of 5324 and 698896?
484
What is the greatest common divisor of 24462 and 2802438?
162
Calculate the highest common divisor of 30052 and 8624.
44
What is the highest common factor of 5757780 and 840?
420
What is the greatest common factor of 7242099 and 82713?
1047
What is the greatest common divisor of 136 and 1715976872?
136
Calculate the greatest common factor of 4666 and 40526543.
2333
What is the greatest common divisor of 15889800 and 14910?
2130
Calculate the highest common factor of 13083301 and 1617.
77
What is the greatest common divisor of 1854203 and 7936?
31
What is the greatest common factor of 21637253 and 209?
11
What is the greatest common factor of 12231945 and 103455?
495
Calculate the greatest common factor of 768 and 44119104.
192
What is the greatest common divisor of 650716 and 23276?
1012
Calculate the greatest common factor of 73644 and 63641982.
1938
What is the highest common divisor of 60516239 and 1033?
1033
Calculate the greatest common factor of 1189020 and 33740.
140
Calculate the greatest common factor of 41425 and 370075.
25
What is the highest common factor of 393723993 and 13?
13
What is the greatest common divisor of 97278309 and 2527?
361
What is the highest common divisor of 2937588 and 8256?
516
Calculate the highest common divisor of 53 and 31537279.
53
What is the highest common divisor of 290 and 802378786?
58
Calculate the highest common factor of 1871154 and 486.
54
What is the highest common divisor of 5529493 and 3178?
227
Calculate the greatest common divisor of 13080 and 10272.
24
What is the highest common divisor of 50083 and 57942577?
1727
What is the highest common divisor of 6579 and 27403371?
153
What is the greatest common divisor of 6410310 and 12?
6
What is the greatest common divisor of 6208 and 44359652?
388
Calculate the highest common divisor of 10304 and 106710800.
2576
Calculate the greatest common divisor of 12439 and 5856992.
1777
What is the greatest common factor of 2842 and 42196?
14
Calculate the highest common factor of 11174 and 227465494.
302
Calculate the greatest common divisor of 899 and 1022888.
29
Calculate the highest common divisor of 101769558 and 594.
66
Calculate the highest common factor of 2603 and 898857.
137
Calculate the highest common divisor of 2814 and 1544648.
14
What is the highest common divisor of 3684 and 277413489?
921
What is the highest common divisor of 35 and 43012165?
35
What is the greatest common factor of 52032 and 1012998?
1626
Calculate the greatest common divisor of 174 and 21257464.
58
What is the highest common factor of 72302493 and 46791?
5199
Calculate the greatest common factor of 24 and 580112.
8
Calculate the highest common divisor of 22704633 and 21.
21
Calculate the highest common divisor of 216 and 3699672.
24
Calculate the highest common divisor of 41728 and 72448.
256
Calculate the greatest common factor of 3705768207 and 13239.
13239
What is the greatest common factor of 6498278 and 59440?
1486
What is the highest common factor of 950 and 103275?
25
Calculate the greatest common divisor of 44619838 and 2682.
298
Calculate the highest common divisor of 50566 and 3110002.
386
Calculate the highest common factor of 24 and 9557514.
6
What is the greatest common factor of 231 and 10747605?
33
Calculate the highest common factor of 9137964 and 396.
132
Calculate the highest common divisor of 688984 and 1491.
71
Calculate the greatest common divisor of 2782655 and 5060.
115
What is the highest common divisor of 5950728 and 144?
72
What is the greatest common factor of 2755 and 150499?
19
Calculate the greatest common factor of 65 and 85021586.
13
Calculate the highest common divisor of 312352 and 31046.
86
Calculate the greatest common divisor of 7429 and 17273.
23
What is the greatest common divisor of 97370 and 10379?
107
What is the highest common factor of 94097 and 19637?
73
What is the greatest common divisor of 246355 and 43935?
145
Calculate the highest common factor of 8700 and 4074075.
75
Calculate the greatest common divisor of 493 and 57375.
17
What is the highest common factor of 15766600 and 992?
248
Calculate the greatest common divisor of 2 and 14691514.
2
What is the greatest common factor of 1535 and 372355?
5
What is the greatest common factor of 379630912 and 151?
151
Calculate the greatest common factor of 3928480 and 2623.
43
What is the highest common divisor of 940 and 205020?
20
Calculate the greatest common divisor of 2824976 and 3784.
88
Calculate the highest common factor of 3717930 and 750.
30
What is the greatest common factor of 488032 and 9362?
302
What is the highest common divisor of 1001325 and 2325?
75
What is the greatest common divisor of 23064756 and 231?
33
Calculate the greatest common divisor of 4603175 and 357.
17
Calculate the greatest common factor of 304668 and 73284.
372
What is the greatest common fac